37 - -2) + 13 + -7
24
-9 - (-54 + 53 + -109 + -8 + -4 + 13)
100
Evaluate (-56 + 44 - 22) + 27.
-7
What is (28 - 20) + (5 - 6) + 16 + (-5 - 5)?
13
Evaluate -67 + (81 - 35 - 33) + (3 - -1).
-50
What is 0 + (-50 - 0) + (33 - -3 - (-513 + 539))?
-40
What is the value of 68 + 6 + (-40 - -15) + 25?
74
What is -4549 - -4522 - (-1 + 59)?
-85
Calculate (-2 - -39) + (-27 - (-30 - -28 - 23)).
35
Calculate (-17 - (1 + -11 - (-1 + 7 - 5))) + -44.
-50
-44 - (-84 + 76 + 107)
-143
(14 - (18 - -35)) + (-28 - -8)
-59
Evaluate 2 + (-8 - 4) - (-447 + 456).
-19
Evaluate 44 - (-6 - (72 + -69 + (-1 - 8))).
44
Calculate -2 + 87 + (1 - (-17 - -24 - -12) - -6).
73
Calculate (59 - (-137 - -269)) + -34.
-107
(-37 - -42) + -78 - -28
-45
What is the value of -93 + 9 + (-20 + 11 - -12) + -9 + -2?
-92
(222 - 260) + (0 - -23) - 7
-22
What is (111 - 40) + -35 + -6 + -35?
-5
Evaluate -1 + 0 - -19 - (-13 - 63 - -2).
92
Evaluate -2 + (-10 + -17 - -28) - (0 + -12 - 0).
11
57 + -2 - (-13 - (2 - 31))
39
46 - ((1 - 2 - (-1 + 0)) + -236 + 238)
44
Evaluate -230 - (151 + -70 - 241).
-70
Calculate 4 + -6 + -8 - (6 + -13 + 11).
-14
What is the value of 1 + 24 + 1 + (-807 - -744)?
-37
Evaluate -21 + 16 + (-647 - -718).
66
-18 + (-4 - (-30 - 1))
9
-11 + 1 + (16 - 0) + 1876 + -1893
-11
Evaluate (3 - (0 - (-10 - -2) - 1)) + (-8786 - -8693).
-97
What is 60 - (-2 + 60) - (-60 + 0 + -3)?
65
2 + -3 + 3 + 13 + -8 + -3
4
What is the value of 0 + -1 + -43 + (81 - 3)?
34
What is the value of 0 + (44 - -141) + -102?
83
What is the value of (40 + -43 - -44) + -53?
-12
Calculate (42 - (27 - -31) - (-44 - -1)) + 14.
41
Calculate (-11 - -59) + -103 + 29.
-26
-16 + 31 + -24 + -15
-24
Calculate 19 - (21 + (-48 - 13) + 17).
42
What is the value of 17 + (-1 - (22 + -10)) - 128 - (-6 - 8)?
-110
What is the value of 50 - -1 - (663 + -612)?
0
(1 - -9) + (60 - (-29 + 82))
17
What is the value of -9 - 1 - (-15 + -111 + 167)?
-51
What is the value of 32 - (25 + -19) - (-4 + 18)?
12
What is the value of 15 + (-2 - -84) - (7 - (-10 + 4) - 9)?
93
Calculate -39 + (103 - (-16 + 54)).
26
Evaluate (93 - (322 - 166)) + 163.
100
What is the value of 49 - (13 + -10 - (-7 + 26))?
65
Calculate 5 - -2 - (-67 + (17 - -72)).
-15
115 - (-38 - -47) - 225
-119
What is -46 + 18 + -2 + 46 + 2 + -96?
-78
Calculate -44 + ((2 - -21) + -11 - 2) + (2 - 0).
-32
What is (12 - 5) + (-14 - (-10 - 8)) + 5?
16
Evaluate -50 + (43 - (-21 - -104)).
-90
(5 + 1 - 114 - 0) + 26 + -24 + -7
-113
(9 - (14 - (1 - -5)) - 58) + (3 - -3)
-51
Calculate (35 - 25) + (4 + -7 + -28 - 3).
-24
What is 14 - (-122 - (10 + -11))?
135
What is the value of 2637 + -2640 + (-1 - -18)?
14
1 - -1 - (1 + 15 + -17 + (71 - 80))
12
Calculate 86 - (-1 - -4 - (-38 + 37 - -15) - -15).
82
102 + -159 + 60 + (1 - -56)
60
Evaluate 70 + 1 - (-5310 + 5353).
28
What is -3889 + 3822 + 42 + (1 - -1)?
-23
Evaluate -59 + 33 + -2 + -4 + -8.
-40
(18 - 15 - (59 + -65)) + (-29 + -2 - -1)
-21
Evaluate (22 + -49 - (2 - 0)) + (-72 - -75).
-26
What is 37 - (-26 + 19 + (1 - -1 - 13) - -10)?
45
Calculate 7 + (77 + (-79 - -41) - 65).
-19
What is (-79 - -4) + (35 - -26) + -41?
-55
73 - (165 + -88 - 34)
30
What is the value of (1 - -1 - (-106 - -111)) + (-6 - (21 - 12))?
-18
(-47 - -60 - 59) + -11
-57
What is (-9 - -11) + -69 + -25 + 2?
-90
4 + ((0 - 41) + 18 - -23)
4
-46 + (5 - -95) + -5 + -16
33
What is the value of (0 - ((6 - -15) + 1)) + -2 + -1 + -10?
-35
What is -32 + -20 + (-25 - 11 - -167)?
79
Evaluate -17 + 2 + -13 + (137 - 133).
-24
Evaluate 147 - 137 - (25 + 0 + 4 + 3 + -6).
-16
47 + -18 + -6 + 4 + 4
31
(-143 + 83 - -79) + -1 + -6
12
Evaluate (2 - 84) + 13 + 37 + (-85 - -39).
-78
What is 432 + -467 + (-10 - (0 - 5))?
-40
What is the value of 0 + -1 - (-57 + 104 - 6)?
-42
Evaluate (7 - (25 + -17)) + 19 - (27 + -29).
20
What is the value of -113 - (63 + -123) - -17?
-36
25 + -21 - ((7 - (-15 + 87)) + -1)
70
(35 - (-8 - 29)) + -58
14
176 - (23 - (12 + -70))
95
What is the value of (11 - -9) + -57 + 17?
-20
Calculate (1 - 2 - -1) + (2 - -3) + -17664 + 17673.
14
25 - (-48 - (-91 + -39))
-57
Evaluate (-748 - -759) + (0 + 5 - -85).
101
What is (-69 - -78 - ((6 - -1) + 3)) + 0 + 39?
38
What is -1 + 44 + 11 + -16 + -1 + -15 + 5?
27
Calculate 14 + 28 + 25 + 25 - 30.
62
What is the value of 7 - ((-3 + 10 - (2 - 7)) + -14)?
9
Calculate 169 + 107 + -92 + -112.
72
What is the value of -13 + (-13 + 28 - 8 - -8) + -11?
-9
What is the value of (-6 + 56 - 30) + -47?
-27
What is 8 - (19 - (8 + 10)) - (-48 - -2 - 0)?
53
What is the value of -9 + -6 + 25 + 16 + 6?
32
What is the value of 8 + -13 + -13 + 10 + 70?
62
Calculate -27 + (58 + 6 - -8) + 17.
62
Evaluate 38 + -66 + -17 + 60 - -28.
43
What is the value of -1 + 52 + (-256 - -232) + (-8 - 1)?
18
What is -11 + (-6 - (-16 - -10)) + (91 + 7 - -9)?
96
Calculate (-22 - (-37 + 3)) + -9.
3
Calculate 2 + -14 + (-38 + -3 - -25).
-28
-48 + (21 - (6 - (-10 - 3)))
-46
What is -91 - (-120 + 43 - 51)?
37
Evaluate 594 + -593 - (23 - (1 - -1)).
-20
What is the value of 59 - (-158 + 37 - -75)?
105
What is the value of (-25 + -23 - (3 - 0)) + (-332 - -346)?
-37
Evaluate -7 - (34 - 2 - 41 - (132 + 0)).
134
Calculate 30 + (-48 - 23 - -13).
-28
What is -1772 - -1748 - (-15 + (1 - 4) + 3)?
-9
13 + (-3 - 9 - (-101 + 81))
21
-22 + (134 - 53) + -47
12
Calculate 48 + 2 + (-23 - (30 - 53)) + -13 + -2.
35
42 - -28 - 88 - -70
52
Evaluate (-77 - -1) + (-29 - -25 - -5).
-75
What is (11 - (-32 - -32)) + -7 + -7 + 2?
-1
Calculate -16 + 2 - 1 - (-21 - (-23 - -8)).
-9
Calculate -9 - (100 - (102 + 22)).
15
What is the value of (-18 + 17 - 10) + 50 + 5?
44
Evaluate 359 - 373 - ((-13 - 1) + -3).
3
What is (30 + -7 + (-20 - -10) - (0 - -2)) + 65?
76
101 + (-14 - (2 + -3)) + 196 + -176
108
Evaluate -12 + -16 + 3 + -22 + 47 + -13.
-13
What is -10 - (-15 + -18) - (15 - -80)?
-72
0 + -11 + (3 + -1 - (-3 + -5)) - 44
-45
Evaluate -11 - ((14 + 5 - 20 - -6) + -40).
24
What is -11 + -18 + (-4 - -18 - 49)?
-64
What is the value of (-6479 - -6562) + -2 + -74?
7
Evaluate 2 - 0 - (2 - 3) - (2743 - 2717).
-23
What is (3 - 2 - 85) + -26 + 26 + (34 - 33)?
-83
What is the value of -27 + 81 + -110 + 14?
-42
-81 - -25 - -52 - (-4 - (3 + 32))
35
What is -15 - -10 - (83 + (29 - 7 - 14))?
-96
Evaluate (-4 + -2 + 9 - 5) + 62 + -110 + -26.
-76
What is (24 + 9 - 19 - 26) + 4 + 13?
5
Evaluate 9 + 0 + (42 - -3) + (8 - (-11 + 23)).
50
What is the value of (-43 - -42) + -15 + 11 + -4?
-9
Evaluate -32 + -37 + 51 + (2 - -5) - (-11 + 1).
-1
What is -14 + (-3 + 3 - -13) + -7 + -28?
-36
Evaluate 1 + 8 - (-1257 - -1347) - -25.
-56
Evaluate 91 - (56 + 18 + 31).
-14
Calculate 13 + (-4 + 16 - 6) + (-43 - 4).
-28
What is 86 + 38 + -6 + -60 + -3 + 25?
80
What is the value of -42 + -23 - -40 - (10 - (5 - 3 - 3))?
-36
What is -5 - 54 - (-457 + 460)?
-62
Calculate (-37 - (7 + -33)) + 0.
-11
Calculate -18 - -65 - (32 + -8).
23
Calculate -5 - (-2 - -5) - (2 + -67 + 38 + -35).
54
Evaluate 11 + -13 + (3 + -9 - (-12 + 0)).
4
What is -12 + (2 - 2) - (-9 + 14 + -29)?
12
Evaluate (-2 - 2) + 2002 + -2010.
-12
Evaluate 3 + (5 - -2) + (-3 - 1).
6
(-5 - (-21 - -1)) + (6 - (-1 - -2) - 1)
19
(-2 - -24 - (-590 - -633)) + 57
36
What is (7 - (3 + 51)) + 59?
12
What is the value of 42 - (1 + -11 + 1 + (-37 - (51 + -88)))?
51
Calculate (5 - (16 + 23)) + -51.
-85
Calculate 0 + 9 + (575 - 615).
-31
Evaluate 6 + (9 - 5) + (-261 - -282).
31
What is the value of -49 + (73 - (89 + -17))?
-48
What is -19 - (-12 + (-4 - -6) + 13 - 12)?
-10
-118 + (165 - (-205 + 154))
98
What is 1 - (57 - (97 + -40) - (2 + (1 - 2)))?
2
What is the value of 7 + -42 + (23 - (-36 - -44))?
-20
What is 7 + -8 - ((0 - 44) + -292 + 292 + -9)?
52
Evaluate -39221 - -39231 - (1 - (0 + 0 + -1)).
8
What is -121 + 146 + (-12 - -10 - -6)?
29
(11 - (-17 + 16)) + -4 + 12 + -8 + -85
-73
Evaluate (52 + -90 - -52) + 16.
30
What is the value of (120 - (19 - 5)) + -30?
76
101 + -58 - -96 - 92
47
-28 - (-2 - (-9 + 19) - 16)
0
Calculate -85 - (-4 + 27 + (-45 - -28)).
-91
What is (-12 + 3 + 3 - 5 - -25) + 2?
16
What is -386 + 367 - (-73 - -2)?
52
What is the value of (-24 - -24) + 2 + 18 - (2 + -28 + 30)?
16
What is (-20 - 16) + 13 + 15 + -37?
-45
Calculate 42 - (-45 - (-17 + 27)).
97
Evaluate 8 + (-1 + -67 - (38 - (-41 - -95))).
-44
What is 105 - (-4 - -18 - (7 + -1 + -6))?
91
What is 38 - ((-2 - 3) +